et k(y) = -125*y - 965. What is the units digit of k(-43)?
0
Suppose 0 = -2*g, 3*g + 3 + 0 = z. Let k = -41 + 46. Suppose 0 = f - k*b - 27, f + z*b - 3 = 32. What is the units digit of f?
2
Suppose -9 + 17 = -4*m, -19639 = -3*i + 5*m. What is the hundreds digit of i?
5
Let n = 5377 + 12238. What is the units digit of n?
5
Let c be 2 - -7*12/18*-33. Let p = 226 - c. What is the hundreds digit of p?
3
Suppose 3*s - 4*u + 16930 = 49035, -42755 = -4*s - 5*u. What is the thousands digit of s?
0
Suppose 2*l + 4*g + 52 = 0, 5*g + 46 = -2*l + 3*g. Let f = l - -256. What is the tens digit of f?
3
Let i be (-16)/(-10) - ((-84)/(-15) - 6). Suppose 960 = i*m + 14*m. What is the units digit of m?
0
Let u = -22240 + 49284. What is the thousands digit of u?
7
Let f(p) be the third derivative of p**6/120 + p**4/24 + 20*p**2. Let t be f(1). Suppose t*q + 2*v = 6*q - 162, -q = -5*v - 54. What is the units digit of q?
9
Let u(p) = -131 + 4*p**2 - 5*p**2 + 4*p + 124. Let t be u(2). What is the tens digit of ((-8)/(-28) + 417/(-63))*t?
1
Suppose 12 = -0*s - s + w, 5*s - 3*w = -62. Let m = 24 + s. Suppose -9*f + m*f = 150. What is the units digit of f?
5
Let f(w) = 378*w**2 - 137*w + 870. What is the ten thousands digit of f(6)?
1
Suppose 0 = -26*w + 39*w - 577846 - 81202. What is the units digit of w?
6
Let t(f) = 18 - 23130*f**2 + 25*f + f**3 + 24 + 23160*f**2. What is the hundreds digit of t(-29)?
1
Suppose t = 5*q + 1651 + 19024, q + 82662 = 4*t. What is the tens digit of t?
6
Let j = -10 + 9. Let a(y) be the first derivative of -91*y**4/2 - 3*y**2/2 - 2*y - 55. What is the hundreds digit of a(j)?
1
Suppose 0 = -25162*c + 25189*c - 1884303. What is the ten thousands digit of c?
6
Let r be (-7051 - -10)*3/(-9). Suppose -4*o + 0*b = 4*b - 2344, -4*o + r = 5*b. What is the tens digit of o?
8
What is the thousands digit of (12/(-64 + -8))/(299393/99798 - 3)?
6
Let o be -1018 + ((-16)/10)/((-10)/25). Let l = -1589 - o. What is the units digit of (l/(-10))/((-2)/(-8))?
0
Suppose 15*i = -180*i + 4438590. What is the tens digit of i?
6
Let f = -48 - -60. Suppose 12 = -j - 5*u, -4*u - f = -j + 3. Suppose -262 = -j*i + 89. What is the hundreds digit of i?
1
Suppose -79*g + 291495 = -20*g - 44*g. What is the thousands digit of g?
9
Let o = 53 - 53. Suppose -10*a - 1262 - 278 = o. Let f = a + 256. What is the tens digit of f?
0
Let v(c) be the first derivative of -2*c**2 - 12*c - 6. Let m be v(-6). Suppose -21*d + 18*d + m = 0. What is the units digit of d?
4
What is the units digit of (-1709928)/(-66)*(9/24*14 - 2)?
1
Suppose 241*w = 242*w + 67. Let t = w - -73. Let n(c) = 22*c + 25. What is the tens digit of n(t)?
5
Suppose -33*i - 58*i + 301141 + 20817 = 0. What is the tens digit of i?
3
Let u(h) = 62*h**2 + 5*h - 124*h**2 + 65*h**2 - 4. Let q be u(-3). Suppose q*m - 4*l - 80 = 7*m, -15 = -3*l. What is the hundreds digit of m?
1
Let m be ((3 - 2) + 5)*(1 + 0). Suppose m*a = 4*c + 2*a - 20, 2*a + 25 = 5*c. Suppose -3*x + 68 + 31 = 5*d, -c*x = 5*d - 165. What is the tens digit of x?
3
Suppose 364*n = 375*n - 42922. What is the tens digit of n?
0
Suppose -79*v + 22*v = -209674 - 806294. What is the units digit of v?
4
Let f(s) = -10*s + 70. Let l be f(7). Suppose -997 = -3*g + p, 5*g - 9*p + 5*p - 1671 = l. What is the tens digit of g?
3
What is the tens digit of ((20194 - -15) + 18/2)*(-1 + 2)?
1
Suppose 0 = 5*q - 13 - 2, 2*q - 12036 = -2*u. What is the units digit of u?
5
Let q be -39 - 2267 - (0 + -8). What is the tens digit of -3 - (3/2 - q/(-4))?
7
Let q(x) = x**2 - 10*x. Let r be q(10). Let y be (10 - 9) + (r - -7). What is the units digit of 2/(y/2)*184/4?
3
Suppose 0 = -3*w + 15, 34055 = b - w - 48287. What is the ten thousands digit of b?
8
Let x(h) be the third derivative of 7*h**5/15 + h**4/12 + 5*h**3/3 - 3*h**2. What is the tens digit of x(-3)?
5
Let d = 121461 - 44158. What is the hundreds digit of d?
3
What is the units digit of ((-17054)/14)/((-70)/147 + (-13)/(-39))?
7
Let b(w) = -2326*w + 917. What is the hundreds digit of b(-2)?
5
Suppose 2860 = d + 2*y, 0*d - 5*d + y = -14300. What is the tens digit of d?
6
Suppose -2*j - 3 = 5. Let m be ((-135)/2)/(-9)*j/(-6). What is the units digit of ((-42)/m)/((-16)/280)?
7
Let s = -995 + 35237. What is the units digit of s?
2
Let p(m) = 538*m**2 - 62*m - 222. What is the thousands digit of p(-5)?
3
Let g(x) = 50*x**2 - 82*x + 291. What is the hundreds digit of g(-17)?
1
Let m = 150980 - 84403. What is the tens digit of m?
7
Suppose -4*f + 2*a + 0*a + 97322 = 0, -a = -4*f + 97319. What is the units digit of f?
9
Suppose -142*t + 136*t = -36. Let m = 857 + -531. Suppose m = t*b - 670. What is the tens digit of b?
6
Let h(y) = 8*y**2 + 63*y - 8. Let o(l) = -l**3 - 38*l**2 + 85*l + 182. Let i be o(-40). What is the hundreds digit of h(i)?
4
Let f(w) = -2*w**3 - 16*w**2 + w + 11. Let u be f(-8). What is the units digit of (-1336)/u*(-30)/(-40)*-4?
6
Suppose -7*n + 30 = -5*n. Suppose 3*k = n*k - 108. What is the units digit of k?
9
Let h(i) = i + 1. Let d(t) = -4*t - 4. Let z(k) = -3*d(k) - 15*h(k). Let c(a) = -a**3 + 34*a**2 + 66*a + 198. Let u be c(36). What is the units digit of z(u)?
1
Let b(k) = 2*k + 6. Let w be b(-3). Suppose w = 5*j - h - 13, 0 = -4*j - 5*h + 3*h + 16. What is the units digit of (-1)/(j/3)*(-12 - -3)?
9
Let y be (2 + 2)*(13 + (-2)/(-2)). What is the units digit of (48/y)/(1/14)?
2
What is the units digit of 1 + 6/(-10) + 390285/1475 + -5?
0
Let d(o) = o - 41. Let x be d(0). Let w be x + -1 - (-3)/((-3)/(-2)). Let a = -16 - w. What is the units digit of a?
4
Let l be (-12 - -5) + 5 + -2. What is the tens digit of -2 + 4915/10 - l/8?
9
Let g be 28/(-8)*96/(-14). What is the hundreds digit of (-3777)/(-7) + g/(-42)?
5
Suppose 5*x + 403*p - 399*p - 1 = 0, 3*x - 27 = 2*p. Let q(k) = -19*k - 2. Let c be q(-5). Suppose -x = 11*h - c. What is the units digit of h?
8
Let i(v) = 3*v**2 - v - 36. Suppose -42*r + 44*r - 2 = 0. Let j(z) = 2*z - 7. Let t be j(r). What is the tens digit of i(t)?
4
Let v be 11/3 + (-3)/(-9). Suppose 2631 = 5*q - c, 2*q - 2*c + v*c - 1062 = 0. What is the units digit of q?
7
Let g(x) be the third derivative of 427*x**5/60 - x**4/12 - x**3/2 + 15*x**2 - 2. What is the tens digit of g(-1)?
2
Let h = 67188 + -18935. What is the hundreds digit of h?
2
Let n(k) = 66*k + 46. Let z(l) = 132*l + 91. Let a(i) = 7*n(i) - 3*z(i). What is the hundreds digit of a(4)?
3
Let x = -192 - -196. Suppose 611 = 2*r + 3*j, -r - x*j + 162 = -151. What is the units digit of r?
1
Let q be 3/(-4) + (11/4 - 0). Suppose 0 = -5*w + 2*r - 66, 2*w + 2*w - q*r = -54. Let a(c) = -c**3 - 11*c**2 - c - 13. What is the hundreds digit of a(w)?
1
Let c be -2 + 264*10*(-3)/(-9). Let s = c - 47. What is the tens digit of s?
3
Suppose -2*o = 5*s - 297, 5*s = 2*o - 6*o + 569. Let x(f) = f**3 - 9*f**2 - 4*f + 4. Let t be x(11). Let w = t - o. What is the tens digit of w?
6
Suppose -6*r + 16 = -2*r. Let c(b) = 22*b**2 + 6*b - 13. What is the tens digit of c(r)?
6
Let a(u) = -u**2 + 4*u + 37. Let w be a(7). Suppose -w*t + 12097 + 9327 = 0. What is the tens digit of t?
3
Let r = -439 - -441. Suppose 2273 = 5*x + 4*s + 376, 1520 = 4*x + r*s. What is the units digit of x?
1
Suppose -44 = -6*s + 4. Suppose -2*l - 1950 = -s*l. What is the units digit of l?
5
Let v = 68 - -47. Suppose 0 = -9*u - 515 - v. What is the units digit of ((-24)/(-20) - -6)*u/(-3)?
8
What is the ten thousands digit of ((-9773)/2 + -2)/(33/792*-6)?
1
What is the thousands digit of 76*((-96984)/32)/(-27)?
8
What is the hundreds digit of (-544440)/(-1680) + 2/(-28)?
3
Let x(l) = 44*l + 13. Suppose 4*i - 35 = -3*i. Suppose 0 = -2*z + 2*g + 12, -g + 5*g - 12 = -i*z. What is the hundreds digit of x(z)?
1
Suppose 4*y = -2*n + 160, -2*y = -5*n + 22 - 90. Suppose 0 = -11*c + y*c - 10220. What is the hundreds digit of c?
3
Suppose -4*d + 5*s + 35108 = 0, -37*s = 3*d - 32*s - 26331. What is the tens digit of d?
7
Suppose -2*s + 4*s + 404 = 0. Let h = s + 329. What is the units digit of h?
7
What is the hundreds digit of 13/(-1 + 5 + (-443034)/110840)?
4
Let r(u) = -170*u + 134. Let a be r(5). Let o = 45 - a. What is the hundreds digit of o?
7
Suppose 27709 = -x + 6*x - 2*g, 4*g - 22156 = -4*x. What is the units digit of x?
1
Let x = 23670 - 14688. What is the